of s?
0
Let h(i) = -78*i + 21. Let a(m) = 73*m - 22. Let l(w) = -5*a(w) - 6*h(w). Suppose 10 = 3*n + 2*n. What is the units digit of l(n)?
0
Let m be (-4)/((-1)/(-30)*121 - 4). Let f be (-1 - 11/3)*m/70. Let u(c) = -c**3 + 9*c**2 - 8*c + 24. What is the tens digit of u(f)?
2
Let o(l) = -4*l**3 - 9*l**2 - 6*l - 5. Let h be o(-3). What is the tens digit of h/(-30) + (-10865)/(-15)?
2
Let s(w) = 38*w**2 - 2*w - 41. What is the hundreds digit of s(-19)?
7
Suppose -2*z - 8 = 64. Let s = 40 + z. Suppose -s*g = -4*q - 480, 3*q + 602 = -2*g + 7*g. What is the tens digit of g?
2
Let y be 242 - (-7 + 3) - -1. Suppose -q + 778 = -y. What is the units digit of q?
5
Let z be (-5)/((-140)/8) + (-19)/(-7). Suppose 3*d - 2*n - 188 = z*n, 0 = -5*d - 3*n + 370. What is the tens digit of d + 0 + 6/(-2)?
6
Let g(s) = -s**2 + 6*s - 7. Let j be g(3). Suppose i - 339 = -j*r, -2 = -4*r - 6. What is the units digit of i?
1
Let a = 16 - 1. What is the hundreds digit of 9 - -3 - a - (-133 + 1)?
1
Let w(b) = -b**2 - 6*b + 10. Let r be w(-7). Suppose 8*y = 5*y - 3*i + 2481, 4*y + r*i = 3312. What is the hundreds digit of y?
8
Let j(o) = o**3 + 3*o**2 - o - 1. Let d be j(-3). Suppose 2 = d*f - 2. Let m(s) = 27*s**3 - s - 1. What is the hundreds digit of m(f)?
2
Let h = 34913 + -2822. What is the units digit of h?
1
Suppose -4*k + 8*k = w - 683, -w + k + 692 = 0. Suppose 4*b + 1187 = x, w - 3066 = -2*x + 5*b. What is the thousands digit of x?
1
What is the tens digit of ((-8232)/105)/(1/(-8 + -1022))?
5
Let o = 136 - 134. Let h = o - -1. Suppose 4*d - 378 = -2*w, -5*w = -2*w - h. What is the tens digit of d?
9
What is the units digit of (-33650)/(-1) + (-2660)/140?
1
Let b = 250 - 243. What is the hundreds digit of b/4*(266 + -2)?
4
Let u(k) = -k**3 + 32*k**2 - 42*k - 72. Let w be u(25). Let q = w - 2281. What is the tens digit of q?
7
Let r be 40/(-6)*(-9)/12. Suppose -i - r*x = -320 - 51, -3*x = -i + 339. What is the hundreds digit of i?
3
Let m(b) = 6*b**2 - 7*b + 37. Let u be m(8). Suppose -w = 4*h - 2591, -2*w - 1581 = -3*h + u. What is the units digit of h?
8
Suppose 203*v + 2970166 + 10635349 = 588*v. What is the thousands digit of v?
5
Let r = 183 - 156. Let w = 20 - 12. Suppose o - r = 5*k + w, -3*k = 3. What is the tens digit of o?
3
Suppose -3*w + 5*c = -4184, -4*w - 1309 = 6*c - 6799. What is the thousands digit of w?
1
Let q = -16289 + 22968. What is the hundreds digit of q?
6
Let q(z) = -45*z + 179. Let r be q(4). Suppose 0 = 2*j + 18 + 6. What is the tens digit of (j + -3)*r*1?
1
Let x = -147 + 145. What is the tens digit of ((-3829)/(-56))/(x/(-16))?
4
Suppose 0 = -5*v - 555 - 315. Let z = 723 - 407. Let o = v + z. What is the tens digit of o?
4
Let p(a) = -28*a + 236. What is the tens digit of p(-12)?
7
Suppose -36*c = -5*c - 19468. Let h = 1628 - c. What is the units digit of h?
0
Let d(p) = 6921*p**3 + 2*p**2 + 3*p - 6. What is the thousands digit of d(1)?
6
Let r(j) = -201*j**3 - 16*j**2 - 29*j + 29. What is the thousands digit of r(-3)?
5
Let w be (12/(-10) + 2)*-30. Let n be (0 + w)*(-44)/3. Suppose -y - 3*y + n = 0. What is the units digit of y?
8
Suppose -a + 5*w - 32 = -5*a, 2*a + 3*w - 18 = 0. Suppose -3*j - 21 = j + a*l, -2*l = -2*j. What is the units digit of 3*(-3 + (-10)/j)?
1
Let c(t) = 471*t + 0 - 11 - 2 + 136*t + 115*t. What is the units digit of c(1)?
9
Let x be (40/(-3))/(6/18). Let f be (18/15)/((-12)/x). Suppose -2*z + 6*z = f*o + 384, z + 5*o - 120 = 0. What is the tens digit of z?
0
Let s(p) = -4*p**3 + 6*p**2 + 5*p + 22. What is the units digit of s(-11)?
7
Let u(x) = -504*x**3 - 15*x**2 - 27*x - 87. What is the tens digit of u(-4)?
3
What is the thousands digit of 4527/((20/(-3) + 9)/7)?
3
Suppose 2*j - 5*g - 4 = 0, -17 = 4*j + 5*g - 55. Suppose 5*p = -2*m + j*m + 310, 0 = 5*p + 3*m - 334. What is the tens digit of p?
6
Suppose -8*d = -3*d + 7*d - 1176. What is the tens digit of d?
9
What is the units digit of (-1267)/(1 - 60/50)?
5
Suppose 0 = -6*l + 2*l + 4060. Suppose 2*v - l = -319. Suppose -288 = -4*x + 4*q, -3*x + 2*q = 2*x - v. What is the tens digit of x?
6
Suppose 11 - 19 = -4*m. Suppose m*p + 16 - 24 = 0. Suppose -p*r = -3*r - 67. What is the units digit of r?
7
Let t = 9433 - 524. What is the units digit of t?
9
Suppose 0 = 3079*w - 3048*w - 2208874. What is the ten thousands digit of w?
7
Let w = 30485 + -8941. What is the hundreds digit of w?
5
Let v be (-44013)/(-27) - 8/72. Suppose -h = 4*h - g - 2041, 2*g = -4*h + v. What is the units digit of h?
8
Let n(m) = m**3 - 13*m**2 + 82*m + 39. What is the hundreds digit of n(25)?
5
Let n(c) = -43*c**3 - 364*c**2 + 30*c - 10. What is the units digit of n(-14)?
8
Let b(y) = 18*y + 35. Let m be b(-16). Let w = m + 448. What is the units digit of w?
5
Suppose -o - 10*y + 7*y = -5, -o - 5*y = -5. What is the hundreds digit of (17/(-2))/(o/(-80))?
1
Let d(s) = -18*s + 138. Let g(w) = 6*w - 46. Let k(a) = -2*d(a) - 7*g(a). Let h be k(9). Let u(n) = -8*n + 19. What is the units digit of u(h)?
3
Suppose -3*a + 5*s = 14, -4*a + 5*s - 35 = -13. What is the units digit of ((a/(-12))/2)/(1/18)?
6
Suppose 0 = -3*q - 5*x + 71321, 0 = 185*q - 184*q + x - 23769. What is the ten thousands digit of q?
2
Let s be ((-1)/(-2) - 0) + 3150/12. Let o = s - 258. What is the units digit of o?
5
Suppose 3*t + 6 = 0, -4*t + 2706 + 196 = -5*s. Let h = s + 1067. Suppose -155 = -8*x + h. What is the units digit of x?
0
Let o(z) = -z**2 + 7*z - 2. Let q be o(6). Suppose 56*p + 1211 = 2270 + 1293. Suppose -q*d + 6 = -p. What is the units digit of d?
2
Let w(u) be the third derivative of 3*u**5/4 + u**4/6 + 8*u**3/3 - 2*u**2 + 17*u. What is the tens digit of w(-3)?
0
Let o be ((-1503)/6)/3*-14. Suppose -1164 = -4*n - 4*w, -4*n - 2*w = -3*w - o. Suppose -6*s + n = -896. What is the tens digit of s?
9
Let z = 32705 - 6130. What is the ten thousands digit of z?
2
Let k be (-16)/(4 + -8)*(0 + 1). Suppose -2*z + 14 = o, 5*o - 5*z + 1 = -k. Suppose -v - 120 = -b, -v - 2*v = o*b - 445. What is the units digit of b?
5
Suppose -b + 296 = -8*h + 1892, 0 = -2*h - 4*b + 416. What is the hundreds digit of h?
2
Suppose s + j - 22 = 0, 0*s - 4*s - 2*j + 80 = 0. Let l = s - 30. What is the tens digit of 1*l/16*(-256)/2?
9
Suppose -w + 6*w - 5 = -5*t, -2*w - 4*t + 4 = 0. Suppose 4*r - q = -6*q + 1427, -5*q - 25 = w. What is the hundreds digit of r?
3
Let b = 3029 + -2404. What is the tens digit of b?
2
Let w(l) = 132 - 2*l + 160 - 271. Let i be w(6). Suppose -i*m = -0*m - 2061. What is the hundreds digit of m?
2
Suppose 20*f - 8*f = 0. Let u = 112 + f. What is the units digit of u?
2
Suppose -5*n - 185 = -3*a, -5*a + 83 = -2*n - 219. Let r = -6 + 12. Let q = r + a. What is the tens digit of q?
6
Let v(z) = 473*z**2 + 78*z - 105. What is the thousands digit of v(12)?
8
Suppose -5*m + 2*m - y = -2, y - 4 = -5*m. Suppose -14 = 5*c + m. Let b = c - -68. What is the tens digit of b?
6
Suppose 0 = 347*f - 335*f + 912. Suppose -3*n - s - 584 = -18, -202 = n + 3*s. Let u = f - n. What is the hundreds digit of u?
1
Let g(f) = -4*f - 51*f**2 + 16*f**2 + 9 + 0*f**2 - 18*f**2. Let p be g(2). Let j = -54 - p. What is the hundreds digit of j?
1
Let s(n) = -n**3 - 15*n**2 - 16. Let g(y) = -5*y**3 - 60*y**2 - 64. Let t(p) = 2*g(p) - 9*s(p). What is the tens digit of t(14)?
1
Suppose -4*h = -2*v + h + 25, -5*h - 35 = -4*v. Suppose -v*t + 8 = -2. Suppose -3*m - t = -23. What is the units digit of m?
7
Suppose -4*g + 47021 = 3*m, 9*m = 3*g - 24684 + 165627. What is the ten thousands digit of m?
1
Let u = -26 + 37. Let r(h) = -2*h + 15 - 5 + 3 + u*h. What is the tens digit of r(7)?
7
What is the units digit of 437 - 8/16*-6?
0
Suppose q = j + 10, j = -q - 2*j - 2. Suppose q*k = 13*k - 9432. What is the thousands digit of k?
1
Suppose -46*o + 117*o = 1611700. What is the hundreds digit of o?
7
Let w = -53 - -17. What is the hundreds digit of 1412/3 - w/(-54)?
4
Suppose -4*x = 4*f - 26944, -2*x + 4*x + 26950 = 4*f. What is the thousands digit of f?
6
Let h(m) be the first derivative of m**3/3 - 27*m**2/2 + 119*m - 121. What is the tens digit of h(30)?
0
Let n(h) = 8*h + 1. Let r be n(3). Suppose -30*o + 710 = -r*o. Let l = o - 93. What is the units digit of l?
9
Let i be 2 - 36/(-54)*1*3. Suppose 2*q + 958 = z, i*z + 5*q - 3850 = 4*q. What is